{"id":17,"date":"2014-02-14T16:48:21","date_gmt":"2014-02-14T15:48:21","guid":{"rendered":"http:\/\/www.jacques-pain.fr\/jpwp\/?page_id=17"},"modified":"2017-01-15T19:03:59","modified_gmt":"2017-01-15T17:03:59","slug":"nouveautes","status":"publish","type":"page","link":"http:\/\/www.jacques-pain.fr\/jpwp\/nouveautes\/","title":{"rendered":"Nouveaut\u00e9s 2011 : les derni\u00e8res publications \u00ab\u00a0Matrice \u00e9ditions\u00a0\u00bb"},"content":{"rendered":"<p style=\"text-align: center;\">De l&rsquo;\u00e9dition Matrice (1985),<br \/>\n fond\u00e9e avec Frenand Oury, pour la perp\u00e9tuation des livres de \u00ab\u00a0la PI\u00a0\u00bb,<br \/>\n par Daniel David, Jacques Pain, Christine Vander Borght,<br \/>\n aux \u00a0\u00bb collections <em>MATRICE <\/em>\u00a0\u00bb <br \/>\n des \u00e9ditions CHAMP SOCIAL (2011)<\/p>\n<h3 style=\"text-align: center;\">\u00c9dition <em>Matrice<\/em> : une association \u00e9ditrice en r\u00e9seaux<\/h3>\n<p style=\"text-align: center;\"><span style=\"line-height: 1.5;\">Feuilletez ou t\u00e9l\u00e9chargez<\/span><a style=\"line-height: 1.5;\" title=\"Matrice_catalogue.html\" href=\"https:\/\/issuu.com\/pedagogie_institutionnelle\/docs\/catalogue_2009_c6db52eda246d6\" target=\"_blank\">\u00a0<strong>le catalogue (2009)<\/strong><\/a><\/p>\n<p>&nbsp;<\/p>\n","protected":false},"excerpt":{"rendered":"<p>De l&rsquo;\u00e9dition Matrice (1985), fond\u00e9e avec Frenand Oury, pour la perp\u00e9tuation des livres de \u00ab\u00a0la PI\u00a0\u00bb, par Daniel David, Jacques Pain, Christine Vander Borght, aux \u00a0\u00bb collections MATRICE \u00a0\u00bb des \u00e9ditions CHAMP SOCIAL (2011) \u00c9dition Matrice : une association \u00e9ditrice en r\u00e9seaux Feuilletez ou t\u00e9l\u00e9chargez\u00a0le catalogue (2009) &nbsp;<\/p>\n","protected":false},"author":1,"featured_media":0,"parent":0,"menu_order":9,"comment_status":"closed","ping_status":"closed","template":"","meta":{"footnotes":""},"class_list":["post-17","page","type-page","status-publish","hentry"],"_links":{"self":[{"href":"http:\/\/www.jacques-pain.fr\/jpwp\/wp-json\/wp\/v2\/pages\/17","targetHints":{"allow":["GET"]}}],"collection":[{"href":"http:\/\/www.jacques-pain.fr\/jpwp\/wp-json\/wp\/v2\/pages"}],"about":[{"href":"http:\/\/www.jacques-pain.fr\/jpwp\/wp-json\/wp\/v2\/types\/page"}],"author":[{"embeddable":true,"href":"http:\/\/www.jacques-pain.fr\/jpwp\/wp-json\/wp\/v2\/users\/1"}],"replies":[{"embeddable":true,"href":"http:\/\/www.jacques-pain.fr\/jpwp\/wp-json\/wp\/v2\/comments?post=17"}],"version-history":[{"count":9,"href":"http:\/\/www.jacques-pain.fr\/jpwp\/wp-json\/wp\/v2\/pages\/17\/revisions"}],"predecessor-version":[{"id":1932,"href":"http:\/\/www.jacques-pain.fr\/jpwp\/wp-json\/wp\/v2\/pages\/17\/revisions\/1932"}],"wp:attachment":[{"href":"http:\/\/www.jacques-pain.fr\/jpwp\/wp-json\/wp\/v2\/media?parent=17"}],"curies":[{"name":"wp","href":"https:\/\/api.w.org\/{rel}","templated":true}]}}