{"id":1817,"date":"2016-12-08T18:33:56","date_gmt":"2016-12-08T16:33:56","guid":{"rendered":"http:\/\/www.jacques-pain.fr\/jpwp\/?page_id=1817"},"modified":"2016-12-10T11:54:37","modified_gmt":"2016-12-10T09:54:37","slug":"specificites-la-revue-des-terrains-sensibles-paris-ouest-nanterre-la-defense-sciences-de-leducation-secteur-crise","status":"publish","type":"page","link":"http:\/\/www.jacques-pain.fr\/jpwp\/specificites-la-revue-des-terrains-sensibles-paris-ouest-nanterre-la-defense-sciences-de-leducation-secteur-crise\/","title":{"rendered":"Sp\u00e9cifiCIT\u00e9S"},"content":{"rendered":"<p style=\"text-align: center;\"><span style=\"font-size: 18pt;\"><strong>Sp\u00e9cifiCIT\u00e9S<\/strong><\/span><br \/>\n <span style=\"font-size: 18pt;\"><strong>\u00a0 \u00a0 \u00a0 \u00a0 \u00a0 \u00a0 \u00a0 \u00a0 \u00a0 \u00a0 \u00a0 \u00a0 \u00a0La revue des terrains sensibles \u00a0 \u00a0<\/strong> <\/span>\u00a0 \u00a0 \u00a0 \u00a0 \u00a0 \u00a0 \u00a0 \u00a0 \u00a0 \u00a0<br \/>\n Paris Ouest Nanterre La D\u00e9fense <br \/>\n Sciences de l\u2019\u00c9ducation-secteur Crise \u00a0 \u00a0 \u00a0 \u00a0<a href=\"http:\/\/www.jacques-pain.fr\/jpwp\/specificites-la-revue-des-terrains-sensibles-paris-ouest-nanterre-la-defense-sciences-de-leducation-secteur-crise\/logocss\/\" rel=\"attachment wp-att-1818\"><img loading=\"lazy\" decoding=\"async\" class=\"aligncenter wp-image-1818 size-full\" src=\"http:\/\/www.jacques-pain.fr\/jpwp\/wp-content\/uploads\/2016\/12\/logoCSS.png\" width=\"240\" height=\"240\" srcset=\"http:\/\/www.jacques-pain.fr\/jpwp\/wp-content\/uploads\/2016\/12\/logoCSS.png 240w, http:\/\/www.jacques-pain.fr\/jpwp\/wp-content\/uploads\/2016\/12\/logoCSS-150x150.png 150w\" sizes=\"(max-width: 240px) 100vw, 240px\" \/><\/a>\u00a0 \u00a0 \u00a0 \u00a0 \u00a0 \u00a0 \u00a0 \u00a0 \u00a0 \u00a0 \u00a0 \u00a0 \u00a0 \u00a0\u00a0<a href=\"http:\/\/www.champsocial.com\/index.php\">http:\/\/www.champsocial.com\/index.php<\/a>\u00a0 \u00a0 \u00a0\u00a0\u00a0 \u00a0 \u00a0 \u00a0 \u00a0 \u00a0 \u00a0 \u00a0 \u00a0 \u00a0 \u00a0 \u00a0 \u00a0 \u00a0 \u00a0 \u00a0 \u00a0 \u00a0 \u00a0 \u00a0 \u00a0\u00a0<\/p>\n<table class=\" aligncenter\" style=\"width: 619px; height: 1073px;\">\n<tbody>\n<tr style=\"height: 456px;\">\n<td style=\"width: 168.25px; height: 456px;\">\n<p><img loading=\"lazy\" decoding=\"async\" class=\"alignnone  wp-image-1819\" src=\"http:\/\/www.jacques-pain.fr\/jpwp\/wp-content\/uploads\/2016\/12\/Capture-d\u2019e\u0301cran-2016-12-08-a\u0300-16.27.06.png\" alt=\"\" width=\"217\" height=\"318\" \/><\/p>\n<p style=\"text-align: center;\">n\u00b0 1 <br \/>\n <a href=\"http:\/\/issuu.com\/pedagogie_institutionnelle\/docs\/revue_specificites_num_ro_1\">Lire le N\u00b0 1<\/a><\/p>\n<\/td>\n<td style=\"width: 166.25px; height: 456px;\">\n<p class=\"p1\">\u00a0<\/p>\n<p><a href=\"http:\/\/www.jacques-pain.fr\/jpwp\/specificites-la-revue-des-terrains-sensibles-paris-ouest-nanterre-la-defense-sciences-de-leducation-secteur-crise\/large-2\/\" rel=\"attachment wp-att-1824\"><img loading=\"lazy\" decoding=\"async\" class=\"alignnone size-medium wp-image-1824 alignright\" src=\"http:\/\/www.jacques-pain.fr\/jpwp\/wp-content\/uploads\/2016\/12\/large-2-212x300.jpg\" alt=\"\" width=\"212\" height=\"300\" srcset=\"http:\/\/www.jacques-pain.fr\/jpwp\/wp-content\/uploads\/2016\/12\/large-2-212x300.jpg 212w, http:\/\/www.jacques-pain.fr\/jpwp\/wp-content\/uploads\/2016\/12\/large-2.jpg 300w\" sizes=\"(max-width: 212px) 100vw, 212px\" \/><\/a><\/p>\n<p>n\u00b0 2 <br \/>\n Attention fragile <br \/>\n <a href=\"http:\/\/issuu.com\/pedagogie_institutionnelle\/edit\/sp_cificit_s_n_2#currentPageNumber=1\">Lire le N\u00b0 2<\/a><\/p>\n<\/td>\n<td style=\"width: 196.25px; height: 456px;\">\n<p><a href=\"http:\/\/www.jacques-pain.fr\/jpwp\/specificites-la-revue-des-terrains-sensibles-paris-ouest-nanterre-la-defense-sciences-de-leducation-secteur-crise\/large-1\/\" rel=\"attachment wp-att-1825\"><img loading=\"lazy\" decoding=\"async\" class=\"alignnone size-medium wp-image-1825\" src=\"http:\/\/www.jacques-pain.fr\/jpwp\/wp-content\/uploads\/2016\/12\/large-1-212x300.jpg\" alt=\"\" width=\"212\" height=\"300\" srcset=\"http:\/\/www.jacques-pain.fr\/jpwp\/wp-content\/uploads\/2016\/12\/large-1-212x300.jpg 212w, http:\/\/www.jacques-pain.fr\/jpwp\/wp-content\/uploads\/2016\/12\/large-1.jpg 300w\" sizes=\"(max-width: 212px) 100vw, 212px\" \/><\/a><\/p>\n<p style=\"text-align: center;\">n\u00b03 <br \/>\n L\u2019\u00e9ducation tout au long de la ville <br \/>\n <a href=\"http:\/\/issuu.com\/pedagogie_institutionnelle\/edit\/sp_cificit_s_n_3__corps_du_texte_hc_19_02_2011#currentPageNumber=1\">Lire le N\u00b0 3<\/a><\/p>\n<\/td>\n<\/tr>\n<tr style=\"height: 567px;\">\n<td style=\"width: 168.25px; height: 567px;\">\n<p>\u00a0<a href=\"http:\/\/www.jacques-pain.fr\/jpwp\/specificites-la-revue-des-terrains-sensibles-paris-ouest-nanterre-la-defense-sciences-de-leducation-secteur-crise\/large-3\/\" rel=\"attachment wp-att-1826\"><img loading=\"lazy\" decoding=\"async\" class=\"alignnone  wp-image-1826\" src=\"http:\/\/www.jacques-pain.fr\/jpwp\/wp-content\/uploads\/2016\/12\/large-3-212x300.jpg\" alt=\"\" width=\"211\" height=\"295\" \/><br \/>\n <\/a><\/p>\n<p>n\u00b04<br \/>\n C&rsquo;est la crise !<br \/>\n <a href=\"http:\/\/issuu.com\/pedagogie_institutionnelle\/docs\/spe__cificite__s_4_publicite___29_0\">Consulter le sommaire\u00a0<\/a><\/p>\n<\/td>\n<td style=\"width: 166.25px; height: 567px;\"><a href=\"http:\/\/www.jacques-pain.fr\/jpwp\/specificites-la-revue-des-terrains-sensibles-paris-ouest-nanterre-la-defense-sciences-de-leducation-secteur-crise\/capture-decran-2016-12-08-a-16-59-25\/\" rel=\"attachment wp-att-1828\"><img loading=\"lazy\" decoding=\"async\" class=\" wp-image-1828 aligncenter\" src=\"http:\/\/www.jacques-pain.fr\/jpwp\/wp-content\/uploads\/2016\/12\/Capture-d\u2019e\u0301cran-2016-12-08-a\u0300-16.59.25-246x300.png\" alt=\"\" width=\"238\" height=\"288\" \/><\/a>\u00a0n\u00b05<br \/>\n Projets<br \/>\n <a href=\"https:\/\/issuu.com\/pedagogie_institutionnelle\/docs\/sp_cifict_s_n_5_projet_22_01_2013\">Consulter le sommaire\u00a0<\/a><\/td>\n<td style=\"width: 196.25px; height: 567px;\">\n<p>&nbsp;<\/p>\n<p><a href=\"http:\/\/www.jacques-pain.fr\/jpwp\/specificites-la-revue-des-terrains-sensibles-paris-ouest-nanterre-la-defense-sciences-de-leducation-secteur-crise\/large\/\" rel=\"attachment wp-att-1827\"><img loading=\"lazy\" decoding=\"async\" class=\"alignnone  wp-image-1827\" src=\"http:\/\/www.jacques-pain.fr\/jpwp\/wp-content\/uploads\/2016\/12\/large-212x300.jpg\" alt=\"\" width=\"199\" height=\"278\" \/><br \/>\n n<\/a>\u00b06<br \/>\n Actualit\u00e9 de la pauvret\u00e9 et de la d\u00e9saffiliation<\/p>\n<p><a href=\"http:\/\/www.calameo.com\/read\/0001620581b6ff1a3e6ec\">Consulter le sommaire<\/a><\/p>\n<\/td>\n<\/tr>\n<\/tbody>\n<\/table>\n<table style=\"height: 553px; width: 1039px;\">\n<tbody>\n<tr style=\"height: 577px;\">\n<td style=\"width: 464.531px; height: 577px; text-align: center;\">\n<p><a href=\"http:\/\/www.jacques-pain.fr\/jpwp\/specificites-la-revue-des-terrains-sensibles-paris-ouest-nanterre-la-defense-sciences-de-leducation-secteur-crise\/capture-decran-2016-12-08-a-17-11-16\/\" rel=\"attachment wp-att-1830\"><img loading=\"lazy\" decoding=\"async\" class=\"size-medium wp-image-1830 alignleft\" src=\"http:\/\/www.jacques-pain.fr\/jpwp\/wp-content\/uploads\/2016\/12\/Capture-d\u2019e\u0301cran-2016-12-08-a\u0300-17.11.16-199x300.png\" alt=\"\" width=\"199\" height=\"300\" srcset=\"http:\/\/www.jacques-pain.fr\/jpwp\/wp-content\/uploads\/2016\/12\/Capture-d\u2019e\u0301cran-2016-12-08-a\u0300-17.11.16-199x300.png 199w, http:\/\/www.jacques-pain.fr\/jpwp\/wp-content\/uploads\/2016\/12\/Capture-d\u2019e\u0301cran-2016-12-08-a\u0300-17.11.16.png 346w\" sizes=\"(max-width: 199px) 100vw, 199px\" \/><\/a><\/p>\n<p style=\"text-align: right;\">\u00a0<\/p>\n<p><a href=\"http:\/\/www.jacques-pain.fr\/jpwp\/specificites-la-revue-des-terrains-sensibles-paris-ouest-nanterre-la-defense-sciences-de-leducation-secteur-crise\/attachment\/925\/\" rel=\"attachment wp-att-1847\"><img loading=\"lazy\" decoding=\"async\" class=\"alignnone  wp-image-1847\" src=\"http:\/\/www.jacques-pain.fr\/jpwp\/wp-content\/uploads\/2016\/12\/925.jpg\" alt=\"\" width=\"213\" height=\"310\" \/><\/a><\/p>\n<p>&nbsp;<\/p>\n<table style=\"width: 455px;\">\n<tbody>\n<tr>\n<td style=\"width: 206.734px;\">\n<p>n\u00b07<br \/>\n Des donn\u00e9es aux th\u00e9ories.<br \/>\n R\u00e9flexions \u00e9pist\u00e9mologiques<\/p>\n<p><a href=\"http:\/\/champsocial.com\/book-specificites_n_7_des_donnees_aux_theories_reflexions_epistemologiques,914.html\">Consulter le sommaire<\/a><\/p>\n<\/td>\n<td style=\"width: 205.266px;\">\n<p>n\u00b08<br \/>\n De la recherche qualitative \u00e0 la recherche sensible<\/p>\n<p> <a href=\"http:\/\/www.champsocial.com\/book-specificites_n_8_de_la_recherche_qualitative_a_la_recherche_sensible,925.html\">Consulter le sommaire<\/a><\/p>\n<\/td>\n<\/tr>\n<\/tbody>\n<\/table>\n<p>&nbsp;<\/p>\n<p>&nbsp;<\/p>\n<p style=\"text-align: left;\">\u00a0<\/p>\n<\/td>\n<td style=\"width: 470.266px; height: 577px; padding-left: 30px; text-align: center;\">\n<p><strong><span style=\"font-size: 36pt;\">Sp\u00e9cifiCIT\u00e9S<\/span><\/strong><\/p>\n<p><strong><a href=\"http:\/\/www.education-crise-territoire.net\/\">&lt;http:\/\/www.education-crise-territoire.net&gt;<\/a> \u00a0\u00a0<\/strong><br \/>\n <strong>Secteur Crise, Nanterre<\/strong><br \/>\n <strong><span style=\"line-height: 1.5;\">\u00a0<\/span><\/strong><\/p>\n<p>&nbsp;<\/p>\n<p>&nbsp;<\/p>\n<\/td>\n<\/tr>\n<\/tbody>\n<\/table>\n","protected":false},"excerpt":{"rendered":"<p>Sp\u00e9cifiCIT\u00e9S \u00a0 \u00a0 \u00a0 \u00a0 \u00a0 \u00a0 \u00a0 \u00a0 \u00a0 \u00a0 \u00a0 \u00a0 \u00a0La revue des terrains sensibles \u00a0 \u00a0 \u00a0 \u00a0 \u00a0 \u00a0 \u00a0 \u00a0 \u00a0 \u00a0 \u00a0 \u00a0 Paris Ouest Nanterre La D\u00e9fense Sciences de l\u2019\u00c9ducation-secteur Crise \u00a0 \u00a0 \u00a0 \u00a0\u00a0 \u00a0 \u00a0 \u00a0 \u00a0 \u00a0 \u00a0 \u00a0 \u00a0 \u00a0 \u00a0 \u00a0 \u00a0 [&hellip;]<\/p>\n","protected":false},"author":1,"featured_media":0,"parent":0,"menu_order":0,"comment_status":"closed","ping_status":"closed","template":"","meta":{"footnotes":""},"_links":{"self":[{"href":"http:\/\/www.jacques-pain.fr\/jpwp\/wp-json\/wp\/v2\/pages\/1817"}],"collection":[{"href":"http:\/\/www.jacques-pain.fr\/jpwp\/wp-json\/wp\/v2\/pages"}],"about":[{"href":"http:\/\/www.jacques-pain.fr\/jpwp\/wp-json\/wp\/v2\/types\/page"}],"author":[{"embeddable":true,"href":"http:\/\/www.jacques-pain.fr\/jpwp\/wp-json\/wp\/v2\/users\/1"}],"replies":[{"embeddable":true,"href":"http:\/\/www.jacques-pain.fr\/jpwp\/wp-json\/wp\/v2\/comments?post=1817"}],"version-history":[{"count":18,"href":"http:\/\/www.jacques-pain.fr\/jpwp\/wp-json\/wp\/v2\/pages\/1817\/revisions"}],"predecessor-version":[{"id":1850,"href":"http:\/\/www.jacques-pain.fr\/jpwp\/wp-json\/wp\/v2\/pages\/1817\/revisions\/1850"}],"wp:attachment":[{"href":"http:\/\/www.jacques-pain.fr\/jpwp\/wp-json\/wp\/v2\/media?parent=1817"}],"curies":[{"name":"wp","href":"https:\/\/api.w.org\/{rel}","templated":true}]}}