{"id":1935,"date":"2017-01-16T19:55:44","date_gmt":"2017-01-16T17:55:44","guid":{"rendered":"http:\/\/www.jacques-pain.fr\/jpwp\/?page_id=1935"},"modified":"2020-12-29T18:04:44","modified_gmt":"2020-12-29T16:04:44","slug":"les-livres-en-ligne-a-votre-disposition","status":"publish","type":"page","link":"http:\/\/www.jacques-pain.fr\/jpwp\/les-livres-en-ligne-a-votre-disposition\/","title":{"rendered":"Les livres en ligne, \u00e0 votre disposition"},"content":{"rendered":"<div id=\"id3\" class=\"style_SkipStroke_3 shape-with-text\">\n<div class=\"text-content style_External_670_107\">\n<div class=\"style_4\">\n<p class=\"paragraph_style_2\" style=\"text-align: center;\"><span style=\"font-size: 12pt;\"><span style=\"font-size: 14pt;\"><strong>S\u00e9lection livres de p\u00e9dagogie, <br \/>\n<\/strong><\/span><\/span><span style=\"font-size: 12pt;\"><span style=\"font-size: 14pt;\"><strong>ou d&rsquo;approche de la violence.<\/strong><\/span><\/span><\/p>\n<div class=\"tinyText style_SkipStroke_1\"><img loading=\"lazy\" decoding=\"async\" class=\"alignleft\" src=\"http:\/\/www.jacques-pain.fr\/jacques-pain\/Livres_en_ligne_files\/livres.jpg\" alt=\"\" width=\"193\" height=\"130\" \/><\/div>\n<p class=\"paragraph_style_2\"><span style=\"font-size: 12pt;\"><br \/>\nNous livrons ici des livres, publi\u00e9s, ou in\u00e9dits, \u00e0 l\u2019usage exclusif des particuliers. Ils ont \u00e9t\u00e9 en r\u00e8gle g\u00e9n\u00e9rale publi\u00e9s par les \u00c9ditions Matrice, et \u00e0 pr\u00e9sent par les \u00e9ditions Champ social\/collection Matrice.<\/span><\/p>\n<p class=\"paragraph_style_2\" style=\"padding-left: 40px;\">\n<span style=\"font-size: 12pt;\">Deux cas de figure\u00a0:\u00a0<\/span><br \/>\n<span style=\"font-size: 12pt;\"><span class=\"Puce\">\u2022<\/span><strong><span class=\"style_5\">(<\/span><span class=\"style_6\">T)<\/span><\/strong> = le t\u00e9l\u00e9chargement est autoris\u00e9, vous pouvez reproduire, diffuser, librement.\u00a0<\/span><br \/>\n<span style=\"font-size: 12pt;\"><span class=\"Puce\">\u2022<\/span><span class=\"style_5\">(<\/span><span class=\"style_6\"><strong>nT<\/strong>)<\/span> = le t\u00e9l\u00e9chargement n\u2019est pas autoris\u00e9, mais vous pouvez, lire, citer.<\/span><br \/>\n<span style=\"font-size: 12pt;\">Dans les deux cas, il est n\u00e9cessaire d\u2019indiquer la r\u00e9f\u00e9rence bibliographique.<\/span><\/p>\n<\/div>\n<\/div>\n<\/div>\n<div class=\"tinyText\">\n<div><img decoding=\"async\" src=\"http:\/\/www.jacques-pain.fr\/jacques-pain\/Livres_en_ligne_files\/shapeimage_4.jpg\" alt=\"\" \/><\/div>\n<\/div>\n<div class=\"tinyText style_SkipStroke_1\"><span style=\"font-size: 18pt;\"><strong>P\u00e9dagogie<\/strong><\/span><\/div>\n<div class=\"tinyText style_SkipStroke_1\">\n<ul>\n<li class=\"li1\"><b><\/b><b> <\/b><span class=\"s3\"><b><a href=\"http:\/\/www.calameo.com\/read\/0001620581bb154398f6f\">La p\u00e9dagogie institutionnelle de Fernand Oury<\/a>.<\/b><\/span><span class=\"s2\"><b> (nT)<br \/>\n<\/b><\/span><span style=\"font-size: 10pt;\"><b>sous la direction de Lucien Martin, Philippe Meirieu, Jacques Pain.<br \/>\n<\/b><b>Matrice \u00c9ditions, Vigneux, 2009.<\/b><\/span><\/li>\n<\/ul>\n<ul>\n<li class=\"li2\"><b><\/b><span class=\"s4\"><a href=\"http:\/\/www.calameo.com\/read\/0001620587b442f1ccb0d\"><b>Penser la p\u00e9dagogie<\/b><\/a><a href=\"http:\/\/www.calameo.com\/read\/0001620587b442f1ccb0d\"><span class=\"s3\"><b>.<\/b><\/span><\/a><\/span><span class=\"s3\"><b> (nT) <span class=\"Apple-converted-space\">\u00a0 \u00a0 \u00a0 \u00a0 \u00a0 \u00a0 \u00a0 \u00a0 \u00a0 \u00a0 \u00a0 \u00a0 \u00a0 \u00a0 \u00a0 \u00a0 \u00a0 \u00a0 \u00a0 \u00a0 \u00a0 \u00a0<br \/>\n<\/span><\/b><\/span><span style=\"font-size: 10pt;\"><b>Jacques Pain.<br \/>\n<\/b><b>Matrice \u00c9ditions, Vigneux, 2003.<\/b><\/span><\/li>\n<\/ul>\n<ul>\n<li class=\"li1\"><b><\/b><span class=\"s3\"><a href=\"http:\/\/www.calameo.com\/read\/000162058e76ce3c64434\"><b>Pour des p\u00e9dagogies actives<\/b><\/a><a href=\"http:\/\/www.calameo.com\/read\/000162058e76ce3c64434\"><b>.<\/b><\/a><\/span><span class=\"s2\"><b> (nT)<br \/>\n<\/b><\/span><span style=\"font-size: 10pt;\"><b>Jacques Pain.<br \/>\n<\/b><b>Matrice \u00c9ditions, Vigneux, 2003.<\/b><\/span><\/li>\n<\/ul>\n<ul>\n<li class=\"li1\"><b><\/b><span class=\"s3\"><a href=\"http:\/\/www.calameo.com\/read\/000162058cb83bf58d027\"><b>La soci\u00e9t\u00e9 commence \u00e0 l\u2019\u00e9cole<\/b><\/a><a href=\"http:\/\/www.calameo.com\/read\/000162058cb83bf58d027\"><b>.<\/b><\/a><b> <\/b><\/span><span class=\"s2\"><b>(nT)<br \/>\n<\/b><\/span><span style=\"font-size: 10pt;\"><b>Jacques Pain.<br \/>\n<\/b><b>Matrice \u00c9ditions, Vigneux, 2002.<\/b><\/span><img decoding=\"async\" class=\"alignright\" src=\"http:\/\/www.jacques-pain.fr\/jacques-pain\/Livres_en_ligne_files\/P1010036_1.jpg\" alt=\"\" \/><\/li>\n<\/ul>\n<p><span style=\"font-size: 18pt;\"><strong>Violence<\/strong><\/span><\/p>\n<ul>\n<li class=\"li1\"><b><\/b><a href=\"http:\/\/www.calameo.com\/read\/000162058059082010a1c\"><span class=\"s3\"><b> Paysages et figures de la violence <\/b><\/span><\/a><span class=\"s2\"><b>(T)<br \/>\n<\/b><\/span><span style=\"font-size: 10pt;\"><b>Jacques Pain, collectif.<\/b><\/span><br \/>\n<span style=\"font-size: 10pt;\"><b>Matrice \u00c9ditions, Vigneux, 2003.<\/b><\/span><\/li>\n<\/ul>\n<ul>\n<li class=\"li1\"><b><\/b><b> <\/b><span class=\"s3\"><b><a href=\"http:\/\/www.calameo.com\/read\/0001620583500b144e340\">La non violence par la violence une voie difficile<\/a>. <\/b><\/span><span class=\"s2\"><b>(T)<br \/>\n<\/b><\/span><span style=\"font-size: 10pt;\"><b>Jacques Pain.<br \/>\n<\/b><b>Matrice \u00c9ditions, Vigneux, 1999.<br \/>\n<\/b><\/span><b><br \/>\n<\/b><\/li>\n<li class=\"li1\"><span class=\"s3\"><b><a href=\"http:\/\/www.calameo.com\/read\/000162058ddbefd739953\">Du r\u00e9tablissement de l\u2019autonomie<\/a>. <\/b><\/span><span class=\"s2\"><b>(T)<br \/>\n<\/b><\/span><span style=\"font-size: 10pt;\"><b>Keiji Okada<br \/>\n<\/b><b>Matrice \u00c9ditions, Vigneux, 2007. \u00a0 \u00a0 \u00a0 \u00a0 \u00a0 \u00a0 \u00a0 \u00a0 \u00a0 \u00a0 \u00a0 \u00a0 \u00a0 \u00a0 \u00a0 \u00a0 \u00a0 \u00a0 \u00a0<\/b><\/span><\/li>\n<\/ul>\n<ul>\n<li class=\"li1\"><b><\/b><a href=\"http:\/\/www.calameo.com\/read\/000162058869ef210dfc8\"><span class=\"s3\"><b>Instituir para apprender.<br \/>\n<\/b><\/span><\/a><span class=\"s3\" style=\"line-height: 1.5;\"><b>Introdu\u00e7\u00e3o \u00e0 Pedagogia Institucional. <\/b><\/span><span class=\"s2\" style=\"line-height: 1.5;\"><b>(T)<br \/>\n<\/b><\/span><span style=\"font-size: 10pt;\"><b>Edith H\u00e9veline, Bruno Robbes,<br \/>\n<\/b><b>Maria Eulina Pessoa De carvalho, Fernando C\u00e9sar Bezerra De Andrade<br \/>\n<\/b><b><span style=\"font-size: 12pt;\">Version portugaise<\/span> (Br\u00e9sil) de \u00abD\u00e9marrer une classe en p\u00e9dagogie institutionnelle\u00bb . L<\/b><b>a r\u00e9\u00e9dition fran\u00e7aise vient d\u2019\u00eatre faite, chez Matrice, 2010.<\/b><\/span><\/li>\n<\/ul>\n<ul>\n<li class=\"li1\"><span class=\"s3\"><b><a href=\"http:\/\/www.calameo.com\/read\/000162058fd11d694a474\">Banlieues: Les d\u00e9fis d\u2019un coll\u00e8ge sensible<\/a>. <\/b><\/span><span class=\"s6\"><b>(T)<br \/>\n<\/b><\/span><span style=\"font-size: 10pt;\"><b>Marie-Pierre Grandin-Degois, Claude Le Goff, Jacques Pain.<br \/>\n<\/b><b>ESF \u00e9ditions, 1999.<\/b><\/span><\/li>\n<\/ul>\n<ul>\n<li class=\"li7\"><b><\/b><span class=\"s3\"><b><a href=\"http:\/\/www.calameo.com\/read\/000162058fd11d694a474\">Jovens, violencia e escola. Un desafio<span class=\"Apple-converted-space\">\u00a0 <\/span>contempor\u00e2neo<\/a><br \/>\n<\/b><\/span><span class=\"s6\"><b>(T)<br \/>\n<\/b><\/span><span style=\"font-size: 10pt;\"><b>Joyce Mary Adam, De Paula Silva, Leila Maria Ferreira Salles.<br \/>\n<\/b><b>UNESP, cultura academica, Sao Paulo, 2010.<\/b><\/span><\/li>\n<\/ul>\n<ul>\n<li class=\"li6\"><b><\/b><span class=\"s4\"><b><a href=\"http:\/\/www.calameo.com\/read\/000162058adcd14357b73\">Mondialisation. L\u2019\u00e9ducation fera la diff\u00e9rence<\/a>. <\/b><\/span><span class=\"s3\"><span class=\"s3\"><b>(T)<br \/>\n<span style=\"font-size: 10pt;\">Jacques Pain<\/span><br \/>\n<span style=\"font-size: 10pt;\"> Mens sana, L\u2019appart \u00e9ditions, 2011.<\/span><\/b><\/span><\/span><\/li>\n<\/ul>\n<ul>\n<li class=\"li6\"><strong><a href=\"https:\/\/issuu.com\/pedagogie_institutionnelle\/docs\/pip_complet_copie.compressed\">Pratiques de l&rsquo;institutionnel et politique<\/a>\u00a0<b>(T)<br \/>\n<\/b><span style=\"font-size: 10pt;\"><span style=\"line-height: 1.5;\">F\u00e9lix Guattari, Jean Oury, Fran\u00e7ois Tosquelles<br \/>\n<\/span><span style=\"line-height: 1.5;\">Entretiens, 1985, La Borde.<br \/>\nMatrice \u00e9ditions.<br \/>\n<\/span><span style=\"line-height: 1.5;\">\u00a0<\/span><\/span><\/strong><\/li>\n<\/ul>\n<\/div>\n<div class=\"tinyText style_SkipStroke_1\">\n<span style=\"line-height: 1.5;\">\u00a0<\/span><\/div>\n<div class=\"tinyText style_SkipStroke_1\">\u00a0<\/div>\n<div class=\"tinyText style_SkipStroke_1\">\u00a0<\/div>\n<div class=\"tinyText\">\u00a0<\/div>\n","protected":false},"excerpt":{"rendered":"<p>S\u00e9lection livres de p\u00e9dagogie, ou d&rsquo;approche de la violence. Nous livrons ici des livres, publi\u00e9s, ou in\u00e9dits, \u00e0 l\u2019usage exclusif des particuliers. Ils ont \u00e9t\u00e9 en r\u00e8gle g\u00e9n\u00e9rale publi\u00e9s par les \u00c9ditions Matrice, et \u00e0 pr\u00e9sent par les \u00e9ditions Champ social\/collection Matrice. Deux cas de figure\u00a0:\u00a0 \u2022(T) = le t\u00e9l\u00e9chargement est autoris\u00e9, vous pouvez reproduire, [&hellip;]<\/p>\n","protected":false},"author":1,"featured_media":0,"parent":0,"menu_order":0,"comment_status":"closed","ping_status":"closed","template":"","meta":{"footnotes":""},"_links":{"self":[{"href":"http:\/\/www.jacques-pain.fr\/jpwp\/wp-json\/wp\/v2\/pages\/1935"}],"collection":[{"href":"http:\/\/www.jacques-pain.fr\/jpwp\/wp-json\/wp\/v2\/pages"}],"about":[{"href":"http:\/\/www.jacques-pain.fr\/jpwp\/wp-json\/wp\/v2\/types\/page"}],"author":[{"embeddable":true,"href":"http:\/\/www.jacques-pain.fr\/jpwp\/wp-json\/wp\/v2\/users\/1"}],"replies":[{"embeddable":true,"href":"http:\/\/www.jacques-pain.fr\/jpwp\/wp-json\/wp\/v2\/comments?post=1935"}],"version-history":[{"count":24,"href":"http:\/\/www.jacques-pain.fr\/jpwp\/wp-json\/wp\/v2\/pages\/1935\/revisions"}],"predecessor-version":[{"id":4278,"href":"http:\/\/www.jacques-pain.fr\/jpwp\/wp-json\/wp\/v2\/pages\/1935\/revisions\/4278"}],"wp:attachment":[{"href":"http:\/\/www.jacques-pain.fr\/jpwp\/wp-json\/wp\/v2\/media?parent=1935"}],"curies":[{"name":"wp","href":"https:\/\/api.w.org\/{rel}","templated":true}]}}