{"id":27,"date":"2014-02-17T16:45:19","date_gmt":"2014-02-17T15:45:19","guid":{"rendered":"http:\/\/www.jacques-pain.fr\/jpwp\/?page_id=27"},"modified":"2024-02-04T22:23:44","modified_gmt":"2024-02-04T20:23:44","slug":"entre","status":"publish","type":"page","link":"http:\/\/www.jacques-pain.fr\/jpwp\/","title":{"rendered":"Accueil"},"content":{"rendered":"<h1 style=\"font-family: Arial, Helvetica, sans-serif; font-size: 20px; font-style: normal; font-weight: bold; text-align: center;\"><strong>Jacques Pain est d\u00e9c\u00e9d\u00e9 le 17 janvier 2021<\/strong><\/h1>\n<p style=\"font-family: Arial, Helvetica, sans-serif; font-size: 20px; font-style: normal; font-weight: bold; text-align: center;\"><span style=\"color: #0000ff;\"><strong><a style=\"color: #0000ff;\" href=\"http:\/\/www.jacques-pain.fr\/jpwp\/hommage\/\">&lsquo;Hommage rendu par ses amis&rsquo;<\/a><br \/>\n<\/strong><\/span><span style=\"font-family: arial black, sans-serif;\"><span style=\"font-size: 18.6667px;\"><strong><a href=\"http:\/\/www.jacques-pain.fr\/jpwp\/articles-de-jacques-pain\/html-essais-2\/livre-dor\/\">Livre d&rsquo;Or pour Jacques Pain<\/a><\/strong><\/span><\/span><\/p>\n<h1 style=\"text-align: center;\"><a href=\"http:\/\/www.jacques-pain.fr\/jpwp\/fonds-jacques-pain\/\">Le fonds \u00ab\u00a0Jacques Pain\u00a0\u00bb de l&rsquo;universit\u00e9 de Gen\u00e8ve<\/a><\/h1>\n<p style=\"text-align: center;\">Grace aux \u00c9ditions \u00c9cole de La Neuville (\u00a9 Novembre 2021), vous pouvez avoir un<br \/>\n<span style=\"color: #339966;\"><strong>acc\u00e8s libre \u00e0 des vid\u00e9os de films ou d\u2019extraits de films <br \/>\nr\u00e9alis\u00e9s avec Jacques Pain<\/strong>.<br \/>\n<\/span><strong><span style=\"font-size: 14pt;\"><a href=\"http:\/\/www.jacques-pain.fr\/jpwp\/videos-avec-jacques-pain\/\">Acc\u00e8s aux vid\u00e9os<\/a>\u00a0<\/span><\/strong><\/p>\n<p style=\"font-family: Arial, Helvetica, sans-serif; font-size: 14px; font-style: normal; font-weight: bold; color: #c2523d; text-align: center;\"><span style=\"color: #993366; font-size: 14pt;\">cliquez sur l&rsquo;image pour entrer dans le site<\/span><\/p>\n<p style=\"text-align: center;\"><a style=\"line-height: 1.5;\" href=\"http:\/\/www.jacques-pain.fr\/jpwp\/?page_id=116\"><span style=\"font-family: helvetica, arial, sans-serif;\"><img loading=\"lazy\" decoding=\"async\" class=\" wp-image-105 aligncenter\" title=\"Cliquer pour entrer\" src=\"http:\/\/www.jacques-pain.fr\/jpwp\/wp-content\/uploads\/2014\/03\/Kennin-ji-5.jpg\" alt=\"Temple Kennin Ji \u00e0 Kyoto\" width=\"485\" height=\"366\" \/><\/span><\/a><span style=\"font-size: 10pt; color: #008080;\">Temple Kennin-ji \u00e0 Kyoto (2e capitale du Japon)<\/span><\/p>\n<div id=\"mp3jWrap_0\" class=\"mjp-s-wrapper s-graphic unsel-mjp  verdana-mjp\" style=\"font-size:14px;\"><span id=\"playpause_wrap_mp3j_0\" class=\"wrap_inline_mp3j\" style=\"font-weight:700;\"><span class=\"gfxbutton_mp3j play-mjp\" id=\"playpause_mp3j_0\" style=\"font-size:14px;\">&nbsp;&nbsp;&nbsp;&nbsp;&nbsp;<\/span>&nbsp;<span class=\"group_wrap\"><span class=\"bars_mp3j\"><span class=\"loadB_mp3j\" id=\"load_mp3j_0\"><\/span><span class=\"posbarB_mp3j\" id=\"posbar_mp3j_0\"><\/span><\/span><span class=\"T_mp3j\" id=\"T_mp3j_0\" style=\"font-size:14px;\">Shika-no-tone (Flute, Japon)<\/span><span class=\"indi_mp3j\" style=\"font-size:9.8px;\" id=\"statusMI_0\"><\/span><\/span><\/span><\/div><span class=\"s-nosolution\" id=\"mp3j_nosolution_0\" style=\"display:none;\"><\/span><script>\nMP3jPLAYLISTS.inline_0 = [\n\t{ name: \"Shika-no-tone (Flute, Japon)\", formats: [\"m4a\"], mp3: \"aHR0cDovL3d3dy5qYWNxdWVzLXBhaW4uZnIvanB3cC93cC1jb250ZW50L3VwbG9hZHMvMjAxOC8wMi9TaGlrYS1uby10b25lLUZsdXRlLUphcG9uLm00YQ==\", counterpart:\"\", artist: \"\", image: \"\", imgurl: \"\" }\n];\n<\/script>\n\n<script>MP3jPLAYERS[0] = { list: MP3jPLAYLISTS.inline_0, tr:0, type:'single', lstate:'', loop:true, play_txt:'&nbsp;&nbsp;&nbsp;&nbsp;&nbsp;', pause_txt:'&nbsp;&nbsp;&nbsp;&nbsp;&nbsp;', pp_title:'', autoplay:true, download:false, vol:100, height:'' };<\/script>\n<div>\u00a0<\/div>\n<div>\u00a0<\/div>\n<div>\u00a0<\/div>\n<div>\u00a0<\/div>\n","protected":false},"excerpt":{"rendered":"<p>Jacques Pain est d\u00e9c\u00e9d\u00e9 le 17 janvier 2021 &lsquo;Hommage rendu par ses amis&rsquo; Livre d&rsquo;Or pour Jacques Pain Le fonds \u00ab\u00a0Jacques Pain\u00a0\u00bb de l&rsquo;universit\u00e9 de Gen\u00e8ve Grace aux \u00c9ditions \u00c9cole de La Neuville (\u00a9 Novembre 2021), vous pouvez avoir un acc\u00e8s libre \u00e0 des vid\u00e9os de films ou d\u2019extraits de films r\u00e9alis\u00e9s avec Jacques Pain. [&hellip;]<\/p>\n","protected":false},"author":2,"featured_media":0,"parent":0,"menu_order":1,"comment_status":"closed","ping_status":"closed","template":"","meta":{"footnotes":""},"class_list":["post-27","page","type-page","status-publish","hentry"],"_links":{"self":[{"href":"http:\/\/www.jacques-pain.fr\/jpwp\/wp-json\/wp\/v2\/pages\/27","targetHints":{"allow":["GET"]}}],"collection":[{"href":"http:\/\/www.jacques-pain.fr\/jpwp\/wp-json\/wp\/v2\/pages"}],"about":[{"href":"http:\/\/www.jacques-pain.fr\/jpwp\/wp-json\/wp\/v2\/types\/page"}],"author":[{"embeddable":true,"href":"http:\/\/www.jacques-pain.fr\/jpwp\/wp-json\/wp\/v2\/users\/2"}],"replies":[{"embeddable":true,"href":"http:\/\/www.jacques-pain.fr\/jpwp\/wp-json\/wp\/v2\/comments?post=27"}],"version-history":[{"count":101,"href":"http:\/\/www.jacques-pain.fr\/jpwp\/wp-json\/wp\/v2\/pages\/27\/revisions"}],"predecessor-version":[{"id":234,"href":"http:\/\/www.jacques-pain.fr\/jpwp\/wp-json\/wp\/v2\/pages\/27\/revisions\/234"}],"wp:attachment":[{"href":"http:\/\/www.jacques-pain.fr\/jpwp\/wp-json\/wp\/v2\/media?parent=27"}],"curies":[{"name":"wp","href":"https:\/\/api.w.org\/{rel}","templated":true}]}}