{"id":342,"date":"2014-05-28T15:02:50","date_gmt":"2014-05-28T14:02:50","guid":{"rendered":"http:\/\/www.jacques-pain.fr\/jpwp\/?page_id=342"},"modified":"2018-11-13T15:16:40","modified_gmt":"2018-11-13T13:16:40","slug":"quoi-de-neuf","status":"publish","type":"page","link":"http:\/\/www.jacques-pain.fr\/jpwp\/quoi-de-neuf\/","title":{"rendered":"Quoi de neuf ?"},"content":{"rendered":"<p class=\"paragraph_style_5\" style=\"color: #205892;\"><span style=\"color: #000000;\"><span class=\"style_4\" style=\"font-weight: bold;\"><a href=\"http:\/\/www.jacques-pain.fr\/jpwp\/wp-content\/uploads\/2014\/05\/point-interrogation.png\"><img loading=\"lazy\" decoding=\"async\" class=\"alignleft wp-image-343 size-full\" src=\"http:\/\/www.jacques-pain.fr\/jpwp\/wp-content\/uploads\/2014\/05\/point-interrogation.png\" alt=\"point interrogation\" width=\"53\" height=\"45\" \/><\/a>\u00ab Quoi de neuf \u00bb<\/span>\u00a0c\u2019est un ma\u00eetre-mot du quotidien, un \u00ab\u00a0pass\u00a0\u00bb d\u2019entr\u00e9e en mati\u00e8re, qui prolonge le \u00ab\u00a0\u00e7a va\u00a0?\u00a0\u00bb, et noue la reconnaissance du lien et du lieu.Repris par les Techniques Freinet et la P\u00e9dagogie Institutionnelle \u00e0 l\u2019\u00e9cole, il participe de cette \u00ab\u00a0matrice\u00a0\u00bb de relations symboliques qui font vivre humainement, au jour le jour.\u00a0A l\u2019\u00e9cole, mais aussi dans les institutions, les entreprises.\u00a0<br \/>\n<\/span><span style=\"color: #000000;\">Un concept\u00a0 institutionnel de groupe qui persiste \u00e0 dire \u00abJe\u00bb, sans g\u00eaner l\u2019autre, en commun.<\/span><\/p>\n<p>&nbsp;<\/p>\n<p class=\"paragraph_style_6\" style=\"color: #205892;\"><span style=\"color: #000000;\">C&rsquo;est la pag<\/span>e <span style=\"font-size: 18pt;\"><strong><a href=\"http:\/\/www.jacques-pain.fr\/jpwp\/infos-au-fil-du-temps\/\">\u00ab\u00a0Quoi de neuf :\u00a0Infos au fil du temps\u00a0\u00bb<\/a><\/strong><\/span> <span style=\"color: #000000;\">qui pr\u00e9sente les derniers<\/span> \u00ab\u00a0Quoi de neuf ?\u00a0\u00bb, post 2016<\/p>\n<p class=\"paragraph_style_6\" style=\"color: #205892;\"><strong><span style=\"color: #993300;\">Les archives <\/span><\/strong><span style=\"color: #993300;\">des \u00ab\u00a0Infos au fil du temps\u00a0\u00bb de janvier 2010 \u00e0 l&rsquo;\u00e9t\u00e9 2016 du\u00a0 site sont accessibles<\/span>\u00a0<span style=\"font-size: 18pt;\"><strong><a href=\"http:\/\/www.jacques-pain.fr\/jacques-pain\/Quoi_de_neuf\/Archive.html\">en cliquant ici\u00a0: Archives<\/a><\/strong><\/span><\/p>\n","protected":false},"excerpt":{"rendered":"<p>\u00ab Quoi de neuf \u00bb\u00a0c\u2019est un ma\u00eetre-mot du quotidien, un \u00ab\u00a0pass\u00a0\u00bb d\u2019entr\u00e9e en mati\u00e8re, qui prolonge le \u00ab\u00a0\u00e7a va\u00a0?\u00a0\u00bb, et noue la reconnaissance du lien et du lieu.Repris par les Techniques Freinet et la P\u00e9dagogie Institutionnelle \u00e0 l\u2019\u00e9cole, il participe de cette \u00ab\u00a0matrice\u00a0\u00bb de relations symboliques qui font vivre humainement, au jour le jour.\u00a0A l\u2019\u00e9cole, [&hellip;]<\/p>\n","protected":false},"author":2,"featured_media":0,"parent":0,"menu_order":0,"comment_status":"closed","ping_status":"closed","template":"","meta":{"footnotes":""},"class_list":["post-342","page","type-page","status-publish","hentry"],"_links":{"self":[{"href":"http:\/\/www.jacques-pain.fr\/jpwp\/wp-json\/wp\/v2\/pages\/342","targetHints":{"allow":["GET"]}}],"collection":[{"href":"http:\/\/www.jacques-pain.fr\/jpwp\/wp-json\/wp\/v2\/pages"}],"about":[{"href":"http:\/\/www.jacques-pain.fr\/jpwp\/wp-json\/wp\/v2\/types\/page"}],"author":[{"embeddable":true,"href":"http:\/\/www.jacques-pain.fr\/jpwp\/wp-json\/wp\/v2\/users\/2"}],"replies":[{"embeddable":true,"href":"http:\/\/www.jacques-pain.fr\/jpwp\/wp-json\/wp\/v2\/comments?post=342"}],"version-history":[{"count":13,"href":"http:\/\/www.jacques-pain.fr\/jpwp\/wp-json\/wp\/v2\/pages\/342\/revisions"}],"predecessor-version":[{"id":3714,"href":"http:\/\/www.jacques-pain.fr\/jpwp\/wp-json\/wp\/v2\/pages\/342\/revisions\/3714"}],"wp:attachment":[{"href":"http:\/\/www.jacques-pain.fr\/jpwp\/wp-json\/wp\/v2\/media?parent=342"}],"curies":[{"name":"wp","href":"https:\/\/api.w.org\/{rel}","templated":true}]}}